
2, 3, 127
List the prime factors of 5423.
11, 17, 29
List the prime factors of 73793.
109, 677
List the prime factors of 3313.
3313
What are the prime factors of 1908?
2, 3, 53
List the prime factors of 3170.
2, 5, 317
What are the prime factors of 1512?
2, 3, 7
What are the prime factors of 126?
2, 3, 7
List the prime factors of 11327.
47, 241
List the prime factors of 17213.
7, 2459
What are the prime factors of 132812?
2, 33203
What are the prime factors of 1245?
3, 5, 83
What are the prime factors of 74226?
2, 3, 89, 139
List the prime factors of 11575.
5, 463
List the prime factors of 9408.
2, 3, 7
List the prime factors of 18.
2, 3
What are the prime factors of 17595?
3, 5, 17, 23
What are the prime factors of 163?
163
What are the prime factors of 15741?
3, 11, 53
List the prime factors of 4991.
7, 23, 31
List the prime factors of 16734.
2, 3, 2789
List the prime factors of 975.
3, 5, 13
What are the prime factors of 417?
3, 139
What are the prime factors of 44035?
5, 8807
List the prime factors of 1807.
13, 139
What are the prime factors of 2548?
2, 7, 13
What are the prime factors of 42090?
2, 3, 5, 23, 61
List the prime factors of 978.
2, 3, 163
What are the prime factors of 123854?
2, 61927
List the prime factors of 1607.
1607
What are the prime factors of 3793?
3793
List the prime factors of 16201.
17, 953
What are the prime factors of 9676?
2, 41, 59
List the prime factors of 677.
677
List the prime factors of 557.
557
List the prime factors of 964.
2, 241
What are the prime factors of 85495?
5, 17099
List the prime factors of 17888.
2, 13, 43
List the prime factors of 15487.
17, 911
List the prime factors of 9251.
11, 29
List the prime factors of 56723.
131, 433
List the prime factors of 5283.
3, 587
What are the prime factors of 2958?
2, 3, 17, 29
What are the prime factors of 51864?
2, 3, 2161
What are the prime factors of 16276?
2, 13, 313
What are the prime factors of 891?
3, 11
What are the prime factors of 30110?
2, 5, 3011
What are the prime factors of 7833?
3, 7, 373
List the prime factors of 3300.
2, 3, 5, 11
What are the prime factors of 41390?
2, 5, 4139
List the prime factors of 44860.
2, 5, 2243
What are the prime factors of 17871?
3, 7, 23, 37
List the prime factors of 13044.
2, 3, 1087
List the prime factors of 3872.
2, 11
List the prime factors of 1925.
5, 7, 11
List the prime factors of 4908.
2, 3, 409
List the prime factors of 39453.
3, 13151
What are the prime factors of 4233?
3, 17, 83
List the prime factors of 21773.
21773
What are the prime factors of 1851?
3, 617
List the prime factors of 2312.
2, 17
List the prime factors of 130472.
2, 47, 347
List the prime factors of 9138.
2, 3, 1523
What are the prime factors of 25745?
5, 19, 271
What are the prime factors of 16392?
2, 3, 683
List the prime factors of 2269.
2269
What are the prime factors of 2297?
2297
List the prime factors of 1686.
2, 3, 281
What are the prime factors of 4684?
2, 1171
List the prime factors of 1081.
23, 47
List the prime factors of 7149.
3, 2383
List the prime factors of 8435.
5, 7, 241
What are the prime factors of 205?
5, 41
What are the prime factors of 13?
13
What are the prime factors of 3031?
7, 433
List the prime factors of 33723.
3, 1249
List the prime factors of 3438.
2, 3, 191
What are the prime factors of 2065?
5, 7, 59
List the prime factors of 14536.
2, 23, 79
List the prime factors of 4333.
7, 619
List the prime factors of 41546.
2, 20773
List the prime factors of 13852.
2, 3463
List the prime factors of 38253.
3, 41, 311
What are the prime factors of 161899?
19, 8521
List the prime factors of 86555.
5, 7, 2473
List the prime factors of 1056.
2, 3, 11
List the prime factors of 1739.
37, 47
List the prime factors of 4937.
4937
List the prime factors of 19765.
5, 59, 67
What are the prime factors of 1925?
5, 7, 11
List the prime factors of 142085.
5, 157, 181
What are the prime factors of 1442?
2, 7, 103
What are the prime factors of 646?
2, 17, 19
What are the prime factors of 23733?
3, 293
List the prime factors of 73795.
5, 14759
List the prime factors of 4382.
2, 7, 313
What are the prime factors of 539?
7, 11
List the prime factors of 5900.
2, 5, 59
What are the prime factors of 2488?
2, 311
What are the prime factors of 1149?
3, 383
What are the prime factors of 27139?
7, 3877
List the prime factors of 861.
3, 7, 41
List the prime factors of 6000.
2, 3, 5
List the prime factors of 9537.
3, 11, 17
What are the prime factors of 9742?
2, 4871
List the prime factors of 20410.
2, 5, 13, 157
List the prime factors of 2035.
5, 11, 37
What are the prime factors of 75703?
75703
What are the prime factors of 5966?
2, 19, 157
List the prime factors of 63.
3, 7
What are the prime factors of 875?
5, 7
What are the prime factors of 772?
2, 193
What are the prime factors of 33676?
2, 8419
What are the prime factors of 78?
2, 3, 13
What are the prime factors of 12543?
3, 37, 113
List the prime factors of 8576.
2, 67
What are the prime factors of 3137?
3137
What are the prime factors of 15687?
3, 7, 83
What are the prime factors of 821?
821
List the prime factors of 57734.
2, 28867
List the prime factors of 8620.
2, 5, 431
List the prime factors of 43743.
3, 7, 2083
List the prime factors of 1398.
2, 3, 233
List the prime factors of 1042.
2, 521
List the prime factors of 53757.
3, 11, 181
List the prime factors of 397.
397
What are the prime factors of 14174?
2, 19, 373
What are the prime factors of 1546?
2, 773
What are the prime factors of 1790?
2, 5, 179
List the prime factors of 16844.
2, 4211
List the prime factors of 91.
7, 13
What are the prime factors of 24031?
7, 3433
List the prime factors of 3337.
47, 71
What are the prime factors of 95226?
2, 3, 59, 269
What are the prime factors of 49098?
2, 3, 7, 167
List the prime factors of 61604.
2, 15401
List the prime factors of 193.
193
List the prime factors of 15184.
2, 13, 73
List the prime factors of 68463.
3, 7607
List the prime factors of 67583.
19, 3557
List the prime factors of 49917.
3, 7, 2377
List the prime factors of 96276.
2, 3, 71, 113
What are the prime factors of 1532?
2, 383
List the prime factors of 32778.
2, 3, 607
List the prime factors of 11021.
103, 107
List the prime factors of 34524.
2, 3, 7, 137
What are the prime factors of 1613?
1613
What are the prime factors of 1444?
2, 19
List the prime factors of 58197.
3, 19, 1021
List the prime factors of 448.
2, 7
List the prime factors of 31673.
19, 1667
What are the prime factors of 58753?
41, 1433
What are the prime factors of 305?
5, 61
What are the prime factors of 17712?
2, 3, 41
List the prime factors of 631.
631
What are the prime factors of 66268?
2, 16567
List the prime factors of 36894.
2, 3, 11, 13, 43
What are the prime factors of 2608?
2, 163
List the prime factors of 72822.
2, 3, 53, 229
List the prime factors of 10.
2, 5
What are the prime factors of 18934?
2, 9467
What are the prime factors of 809?
809
What are the prime factors of 1186?
2, 593
What are the prime factors of 56752?
2, 3547
List the prime factors of 4528.
2, 283
List the prime factors of 103931.
43, 2417
What are the prime factors of 472?
2, 59
What are the prime factors of 19045?
5, 13, 293
List the prime factors of 116873.
73, 1601
List the prime factors of 31859.
31859
What are the prime factors of 6027?
3, 7, 41
What are the prime factors of 42587?
37, 1151
List the prime factors of 17068.
2, 17, 251
What are the prime factors of 6806?
2, 41, 83
List the prime factors of 3365.
5, 673
What are the prime factors of 64037?
64037
What are the prime factors of 6698?
2, 17, 197
What are the prime factors of 1047?
3, 349
List the prime factors of 4832.
2, 151
List the prime factors of 85540.
2, 5, 7, 13, 47
List the prime factors of 7372.
2, 19, 97
What are the prime factors of 4343?
43, 101
List the prime factors of 13056.
2, 3, 17
List the prime factors of 6254.
2, 53, 59
List the prime factors of 1392.
2, 3, 29
What are the prime factors of 1124?
2, 281
What are the prime factors of 801?
3, 89
List the prime factors of 47550.
2, 3, 5, 317
What are the prime factors of 5753?
11, 523
What are the prime factors of 149?
149
What are the prime factors of 3533?
3533
What are the prime factors of 2672?
2, 167
List the prime factors o